{"id":34506,"date":"2025-03-27T19:25:51","date_gmt":"2025-03-28T01:25:51","guid":{"rendered":"https:\/\/pcshopss.com\/?post_type=product&#038;p=34506"},"modified":"2025-07-14T10:10:30","modified_gmt":"2025-07-14T16:10:30","slug":"bateria-para-ups-tn12-9-0","status":"publish","type":"product","link":"https:\/\/pcshopss.com\/index.php\/producto\/bateria-para-ups-tn12-9-0\/","title":{"rendered":"Bater\u00eda para UPS TN12-9.0"},"content":{"rendered":"<p>Bater\u00eda de UPS Tianneng 12V &#8211; 9.0AH Bater\u00eda de UPS Bater\u00eda seca VRLA<br \/>\nVoltios: 12V<br \/>\nCapacidad: 9.0AH<br \/>\nDimensiones (L-W-H): 151 mm x 65 mm x 94 mm<br \/>\nTerminales: T2<br \/>\nPeso neto: 2,1 kg<\/p>\n","protected":false},"excerpt":{"rendered":"<p>Bater\u00eda para UPS TN12-9.0, ideal para reemplazar la bater\u00eda de su UPS y asegurar un rendimiento \u00f3ptimo. Proporciona energ\u00eda confiable y duradera, garantizando respaldo en cortes de energ\u00eda. F\u00e1cil instalaci\u00f3n y larga vida \u00fatil.<\/p>\n","protected":false},"featured_media":34507,"template":"","meta":{"_monsterinsights_skip_tracking":false,"_monsterinsights_sitenote_active":false,"_monsterinsights_sitenote_note":"","_monsterinsights_sitenote_category":0},"product_brand":[],"product_cat":[780],"product_tag":[],"class_list":{"0":"post-34506","1":"product","2":"type-product","3":"status-publish","4":"has-post-thumbnail","6":"product_cat-baterias-para-ups","8":"first","9":"instock","10":"shipping-taxable","11":"purchasable","12":"product-type-simple"},"aioseo_notices":[],"_links":{"self":[{"href":"https:\/\/pcshopss.com\/index.php\/wp-json\/wp\/v2\/product\/34506","targetHints":{"allow":["GET"]}}],"collection":[{"href":"https:\/\/pcshopss.com\/index.php\/wp-json\/wp\/v2\/product"}],"about":[{"href":"https:\/\/pcshopss.com\/index.php\/wp-json\/wp\/v2\/types\/product"}],"wp:featuredmedia":[{"embeddable":true,"href":"https:\/\/pcshopss.com\/index.php\/wp-json\/wp\/v2\/media\/34507"}],"wp:attachment":[{"href":"https:\/\/pcshopss.com\/index.php\/wp-json\/wp\/v2\/media?parent=34506"}],"wp:term":[{"taxonomy":"product_brand","embeddable":true,"href":"https:\/\/pcshopss.com\/index.php\/wp-json\/wp\/v2\/product_brand?post=34506"},{"taxonomy":"product_cat","embeddable":true,"href":"https:\/\/pcshopss.com\/index.php\/wp-json\/wp\/v2\/product_cat?post=34506"},{"taxonomy":"product_tag","embeddable":true,"href":"https:\/\/pcshopss.com\/index.php\/wp-json\/wp\/v2\/product_tag?post=34506"}],"curies":[{"name":"wp","href":"https:\/\/api.w.org\/{rel}","templated":true}]}}